me factors of 16240379.
127, 127877
List the prime factors of 926834.
2, 61, 71, 107
What are the prime factors of 1202363?
1202363
What are the prime factors of 2412383?
179, 13477
List the prime factors of 1451570.
2, 5, 379, 383
What are the prime factors of 154470?
2, 3, 5, 19, 271
List the prime factors of 5033633.
11, 193, 2371
List the prime factors of 80426.
2, 40213
What are the prime factors of 3981356?
2, 995339
What are the prime factors of 591552?
2, 3, 13, 79
List the prime factors of 607453.
7, 11, 23
List the prime factors of 7794823.
17, 29, 97, 163
List the prime factors of 2262284.
2, 565571
List the prime factors of 15265477.
15265477
List the prime factors of 1546807.
31, 41, 1217
What are the prime factors of 4091192?
2, 7, 43, 1699
List the prime factors of 4668780.
2, 3, 5, 77813
What are the prime factors of 811907?
53, 15319
What are the prime factors of 11860?
2, 5, 593
List the prime factors of 371631.
3, 13, 733
List the prime factors of 1244900.
2, 5, 59, 211
List the prime factors of 2942803.
1459, 2017
List the prime factors of 3136706.
2, 1568353
List the prime factors of 420304.
2, 109, 241
List the prime factors of 171965.
5, 163, 211
What are the prime factors of 14828057?
59, 251323
What are the prime factors of 669600?
2, 3, 5, 31
What are the prime factors of 33336?
2, 3, 463
What are the prime factors of 2213580?
2, 3, 5, 79, 467
What are the prime factors of 1655873?
1655873
What are the prime factors of 75596?
2, 18899
List the prime factors of 437258.
2, 218629
What are the prime factors of 702220?
2, 5, 35111
What are the prime factors of 29944155?
3, 5, 1996277
List the prime factors of 14874970.
2, 5, 11, 29, 4663
List the prime factors of 3187436.
2, 7, 113837
List the prime factors of 706928.
2, 17, 23, 113
What are the prime factors of 534612?
2, 3, 13, 23, 149
What are the prime factors of 11354384?
2, 709649
What are the prime factors of 178849?
11, 71, 229
What are the prime factors of 254357?
23, 11059
What are the prime factors of 102611?
102611
What are the prime factors of 544107?
3, 67, 2707
List the prime factors of 4400950.
2, 5, 88019
What are the prime factors of 1918214?
2, 239, 4013
What are the prime factors of 882121?
61, 14461
What are the prime factors of 297044?
2, 11, 43, 157
List the prime factors of 1695816.
2, 3, 2617
What are the prime factors of 4562090?
2, 5, 13, 19, 1847
What are the prime factors of 3608576?
2, 881
What are the prime factors of 132334?
2, 127, 521
List the prime factors of 17161582.
2, 8580791
What are the prime factors of 921680?
2, 5, 41, 281
List the prime factors of 247356.
2, 3, 6871
What are the prime factors of 631470?
2, 3, 5, 7, 31, 97
What are the prime factors of 2966675?
5, 53, 2239
What are the prime factors of 2521823?
2521823
What are the prime factors of 2528059?
2528059
What are the prime factors of 2222126?
2, 19, 58477
What are the prime factors of 458601?
3, 11, 13, 1069
What are the prime factors of 188907?
3, 62969
List the prime factors of 1364873.
367, 3719
List the prime factors of 15913576.
2, 7, 29, 41, 239
What are the prime factors of 175345?
5, 35069
What are the prime factors of 2512091?
653, 3847
What are the prime factors of 1963125?
3, 5, 349
What are the prime factors of 199018?
2, 151, 659
List the prime factors of 23211.
3, 2579
What are the prime factors of 19599?
3, 47, 139
List the prime factors of 2016914.
2, 17, 137, 433
List the prime factors of 3438030.
2, 3, 5, 114601
List the prime factors of 33667620.
2, 3, 5, 7, 19, 4219
List the prime factors of 2944336.
2, 59, 3119
What are the prime factors of 204239?
7, 163, 179
List the prime factors of 12959762.
2, 271, 23911
What are the prime factors of 266327?
229, 1163
What are the prime factors of 82593?
3, 7, 19, 23
What are the prime factors of 2873374?
2, 7, 17, 12073
List the prime factors of 226449.
3, 8387
List the prime factors of 723398.
2, 13, 27823
What are the prime factors of 5131553?
7, 23, 31873
What are the prime factors of 751876?
2, 17, 11057
List the prime factors of 393697.
393697
List the prime factors of 1292138.
2, 431, 1499
List the prime factors of 697676.
2, 7, 24917
List the prime factors of 402564.
2, 3, 33547
What are the prime factors of 11409?
3, 3803
List the prime factors of 192594.
2, 3, 32099
List the prime factors of 19362344.
2, 1187, 2039
What are the prime factors of 8432109?
3, 7, 133843
List the prime factors of 1181629.
19, 62191
What are the prime factors of 6760984?
2, 419, 2017
What are the prime factors of 7794184?
2, 974273
What are the prime factors of 22217880?
2, 3, 5, 185149
List the prime factors of 264071.
264071
What are the prime factors of 16288855?
5, 11, 73, 4057
List the prime factors of 1699931.
101, 16831
What are the prime factors of 46709?
13, 3593
What are the prime factors of 4126161?
3, 13, 241, 439
What are the prime factors of 104234?
2, 13, 19, 211
What are the prime factors of 215083?
11, 19553
List the prime factors of 665822.
2, 17, 19583
What are the prime factors of 113413?
23, 4931
What are the prime factors of 2094583?
29, 72227
List the prime factors of 1294191.
3, 47933
What are the prime factors of 731961?
3, 167, 487
List the prime factors of 17113228.
2, 11, 388937
What are the prime factors of 75879?
3, 8431
What are the prime factors of 589226?
2, 11, 26783
List the prime factors of 5152126.
2, 7, 379, 971
What are the prime factors of 633073?
7, 90439
List the prime factors of 814921.
67, 12163
List the prime factors of 100960.
2, 5, 631
What are the prime factors of 121576?
2, 7, 13, 167
What are the prime factors of 27185181?
3, 19, 509, 937
List the prime factors of 60779.
60779
List the prime factors of 35638096.
2, 13, 31, 5527
List the prime factors of 3549773.
61, 58193
What are the prime factors of 2082840?
2, 3, 5, 17, 1021
What are the prime factors of 10450257?
3, 17, 23, 59, 151
List the prime factors of 1871545.
5, 13, 28793
List the prime factors of 172539.
3, 19, 1009
List the prime factors of 135718.
2, 11, 31, 199
What are the prime factors of 233431?
11, 21221
List the prime factors of 12226075.
5, 489043
List the prime factors of 19153887.
3, 6384629
List the prime factors of 7824250.
2, 5, 7, 17, 263
What are the prime factors of 6172890?
2, 3, 5, 205763
What are the prime factors of 29946?
2, 3, 7, 23, 31
What are the prime factors of 354939?
3, 13, 19, 479
What are the prime factors of 1538228?
2, 17, 22621
What are the prime factors of 13877269?
7, 1982467
List the prime factors of 763116.
2, 3, 19, 3347
List the prime factors of 905554.
2, 13, 29, 1201
List the prime factors of 498163.
498163
List the prime factors of 94005.
3, 5, 2089
List the prime factors of 4425949.
11, 402359
What are the prime factors of 5432757?
3, 11, 193, 853
List the prime factors of 3427139.
53, 64663
What are the prime factors of 67489?
67489
List the prime factors of 10578305.
5, 151, 14011
What are the prime factors of 2949697?
797, 3701
List the prime factors of 110420.
2, 5, 5521
List the prime factors of 11813820.
2, 3, 5, 19, 43, 241
What are the prime factors of 26113436?
2, 1697, 3847
List the prime factors of 19658132.
2, 13, 378041
List the prime factors of 5183956.
2, 1295989
What are the prime factors of 6194790?
2, 3, 5, 7, 9833
List the prime factors of 134657.
17, 89
List the prime factors of 24693941.
47, 103, 5101
What are the prime factors of 455608?
2, 56951
What are the prime factors of 119441?
7, 113, 151
What are the prime factors of 286545?
3, 5, 7, 2729
List the prime factors of 4421.
4421
What are the prime factors of 81477?
3, 11, 823
What are the prime factors of 371564?
2, 19, 4889
What are the prime factors of 6040625?
5, 1933
List the prime factors of 3527757.
3, 593, 661
List the prime factors of 1491429.
3, 613, 811
List the prime factors of 3102436.
2, 523, 1483
What are the prime factors of 4172011?
31, 134581
List the prime factors of 44049522.
2, 3, 11, 667417
List the prime factors of 1729739.
11, 67, 2347
What are the prime factors of 182288?
2, 11393
What are the prime factors of 799588?
2, 29, 61, 113
What are the prime factors of 3961526?
2, 1980763
What are the prime factors of 2131995?
3, 5, 89, 1597
List the prime factors of 306